*m. Let p(g) = -g - 3. What is p(u)?
1
Let o(p) = -p**3 - 3*p**2 + p - 10. Let q be -2 + 1 + -1 + 4. Let d(h) = 2*h**3 + 4*h**2 - h + 10. Let t(c) = q*d(c) + 3*o(c). Give t(0).
-10
Let t(v) be the first derivative of -v - v**3 + 2 - 3/2*v**2. Let f be -3 - -4 - (-2 + 5). What is t(f)?
-7
Let j(d) = d**2 + 6*d - 5. Let c(t) = -2*t + 17. Let b be c(12). Give j(b).
2
Let f(g) = -6*g - 12. Let a be f(-2). Let u(x) = -x**3 + 6*x**2 + 8*x - 4. Let n be u(7). Let q(y) = -4*y**2 - n*y + 3*y**2 + 4*y. What is q(a)?
0
Suppose -2*b = b - 12. Let q(w) = -w**2 + 8*w - 4. Let i be q(7). Let s(f) = -2*f + 4*f + 0*f + 5 - i*f. Give s(b).
1
Let v(h) = -4*h - 1. Let m(a) = -5*a - 2. Let g(o) = -3*m(o) + 4*v(o). Give g(0).
2
Let j(x) be the second derivative of x**3/3 + 7*x**2/2 - 17*x. What is j(-7)?
-7
Let d(u) be the first derivative of -u**4/4 - u**3 - 2*u - 16. Calculate d(-3).
-2
Suppose 5*t + d + 2 = 15, 2*t + 2 = 2*d. Let l(s) = -21*s + s**t - 5*s**2 + 3 + 25*s + 3*s**2. Determine l(-2).
-9
Let q(t) be the third derivative of t**5/60 - t**4/4 + 17*t**2. Calculate q(6).
0
Suppose -18 = -3*r - 9. Let c(w) = -5*w + 2. Give c(r).
-13
Let s(r) = -3*r**2 + 1 - r - r + 3 - r**3. Let w be 6*8/(-20) - 9/15. Calculate s(w).
10
Let v(i) = 5*i + 2. Let o(z) = -9*z - 3. Let p(j) = -3*o(j) - 5*v(j). What is p(5)?
9
Let d(f) = 1 - 2 - f + 0*f. Let r be d(-3). Let w(c) = 0 + 0 + r - c. Give w(-4).
6
Let c(s) = -s**2 - 2*s - 1. Let p(v) = -v + 10. Let a be p(11). Give c(a).
0
Let c(l) = -l**3 - 5*l**2 + 2. Let b be c(-5). Suppose -4*v + v + 3*x = -3, v - 3*x + 1 = 0. Let q(k) = -21*k**2 + 1 + 13*k**2 + 10*k**v. Give q(b).
9
Let x(d) = 6*d**3 - 2*d**2 + 1. Let a(g) = g**3 + g**2. Let b be a(-1). Let i be 1/(-3) + 156/9. Suppose 2*s - f - i = -4*f, b = 3*f - 15. Determine x(s).
5
Suppose m = -3*m - 24. Let b(l) = l + 5. What is b(m)?
-1
Let n(k) = -6 + 11*k**2 + 7*k - 4*k**2 - 7*k**2 - k**2. Give n(7).
-6
Let o(g) = g**3 + g**2 + g - 1. Let c(y) = -2*y**3 - 6*y**2 - 6*y + 5. Let u(z) = c(z) + 3*o(z). Give u(4).
6
Let r(p) = -p**2 - p - 4. Suppose 2*w = -11 + 1. Let h(j) = -j - 4. Let y be h(w). Let l be -3 + y*(2 + -2). What is r(l)?
-10
Let w(z) = 5*z + 4. Let u(i) = -13 - 92*i - 42 + 22*i. Let o(b) = -4*u(b) - 55*w(b). Let x = -18 + 19. Determine o(x).
5
Let b(s) = 2*s - 4. Let g = 20 - 32. Let z = -7 - g. Suppose -2*d = 3*d, z*p = d + 20. Give b(p).
4
Let u(f) = -2*f**2. Suppose 3*x + 3 - 9 = 0. Suppose 6 = -c - c, -x*i - c = -7. Suppose i*n = -5*t + 35, 2*n = -2*n + 2*t - 2. Calculate u(n).
-8
Let h(f) = f + 10. Let a be h(-5). Suppose 0 = -a*v + 8 + 2. Let k be v/(3/(6/(-1))). Let r(w) = -w - 3. Give r(k).
1
Suppose -i = i - 5*q - 14, -4*q = i + 6. Let x be -7 - -7 - i/2. Let t(d) = d**2 + 5*d - 3. Let y(l) = 1. Let m(h) = x*t(h) - 4*y(h). Determine m(-4).
3
Let v = -4 - -6. Suppose -9 = -f + v*f - 3*s, -5*f - 3*s = -45. Let w(d) = -d - 6*d + d**2 + 1 - 5 + d. What is w(f)?
-4
Let j(x) = 8*x**2 + 7*x - 3. Let k(m) = -m**2 + m. Let i(n) = j(n) + 4*k(n). Let f(d) = -d**2 - d. Let t(s) = -5*f(s) - i(s). Determine t(5).
-2
Let d(h) = -3*h + h + h**3 - 2*h**2 + 2 - 1. Let r be (26/(-91))/((-1)/7). Determine d(r).
-3
Let y(k) be the third derivative of -k**7/840 - k**5/120 - 5*k**4/24 + k**3/6 - 3*k**2. Let m(x) be the first derivative of y(x). What is m(0)?
-5
Let t(y) = y**3 - 3*y**2 + y - 2. Let m(j) = j - 9. Let x be m(11). Let n be 0*(-1)/x + 3. Calculate t(n).
1
Let p(c) = -c**3 + 4*c**2 + 4*c. Let a be p(5). Let n(s) = -s + 11. Let r(y) = y + 13 - 27 - 2. Let m(h) = -7*n(h) - 5*r(h). What is m(a)?
-7
Suppose 0 = -5*a + 10. Let s be ((-24)/(-3))/(a/1). Let c(y) = 7 + y - s - 3. What is c(5)?
5
Let j(f) = f**3 - 8*f**2 + 4 - 3*f + 1 + 4. Give j(8).
-15
Suppose -3 = -4*g + 5. Suppose 25 = 4*s + y + 4*y, -g*s - 5*y = -15. Let a = s - 4. Let r(u) = -7*u**2 - u + 1. Determine r(a).
-7
Suppose n - 14 = -5. Let u(j) = j**3 - 9*j**2 - 2. Determine u(n).
-2
Let c = -8 - -4. Let o(x) = 3*x - 5. Let h(y) = -4*y + 5. Let z(f) = -4*h(f) - 5*o(f). What is z(c)?
1
Let u(v) = v + 3. Let h be u(-6). Let c(m) be the first derivative of -m**4/4 - 2*m**3/3 + m**2 + 2*m + 2. Give c(h).
5
Let m(n) = 5*n**2 + 10*n + 9. Let b(g) = -4*g**2 - 9*g - 8. Let a(y) = 6*b(y) + 5*m(y). Let c be 8/36*24 + 3/(-9). What is a(c)?
2
Let u(d) = 8 - 7 - 4*d**3 - 2*d + 11*d**3. Calculate u(1).
6
Suppose -4*u - u + 26 = 2*i, 5*i - u = 38. Let g(c) = 6*c**2 - c - 5*c**2 + i - 2*c**2. Calculate g(0).
8
Let x(p) be the second derivative of p**5/20 - p**4/2 + p**3 - 3*p**2 + 8*p. Calculate x(5).
-1
Let m(b) = -b - 8. Suppose 5*x + 10 = -5*r, 0 = r + 5*x + 15 - 5. What is m(r)?
-8
Let d(h) = h**2 - 5*h + 4. Let m = 13 - 19. Let j be (-9 - -15)*(-4)/m. Calculate d(j).
0
Let c(l) = l - 2. Let o = 27 - 67. Let s = -20 - o. Suppose 0 = -2*t + 5*d - 12, -d + s = 5*t - t. Calculate c(t).
2
Let z(f) = -4*f + 4. Let n(k) = -9*k + 7. Suppose -4*a + 1 = -3*a - g, 2*a - 3*g = -1. Suppose a*j + 0 = 12. Let w(l) = j*n(l) - 7*z(l). Calculate w(5).
-2
Let f = -13 - -7. Let w(p) = 6 + 1 - 6 - p. What is w(f)?
7
Suppose -14 = 4*c + 5*w, -4*w + 38 = -5*c - 0*w. Let g be 36/8*(-4)/c. Let d(r) = -r**3 + r**2 + 4*r. What is d(g)?
-6
Let v be -1 + (-1)/(2/(-4)). Let t(r) = -5*r - 2*r + r. Give t(v).
-6
Let n be (-12)/(-10) - (-5)/(-25). Let y(k) = -k**2 + k + 1. Let v(w) = -6*w**2 + 10*w + 7. Let u(c) = n*v(c) - 5*y(c). Give u(5).
2
Let t(k) = -k**3 - 3*k**2 + k - 2. Let i be -2 - (11 - 3)/(-2). Let v = i + -5. Determine t(v).
-5
Let a(p) = -6*p + 1. Suppose -2*r = 0, -4*u + 8 = -2*r - 0*r. Let f be 1/(u - (-7)/(-3)). Let c be (-2)/2*3/f. Give a(c).
-5
Let l(t) be the third derivative of -t**6/360 - t**5/40 - t**4/12 + 5*t**3/6 - t**2. Let r(d) be the first derivative of l(d). Determine r(-5).
-12
Let w(r) = -3 + 4*r + 2 + 4 + r**2. Calculate w(-2).
-1
Let g(y) be the first derivative of -y**3/3 - 5*y**2/2 - y - 2. Let n = -2 + 1. Let x be 5/(2*n - -1). Calculate g(x).
-1
Let l(f) = f**2 + 4. Let t be l(0). Let d(v) = -2 + t*v - 2 + 5 - 5*v - 5*v**3. Calculate d(1).
-5
Let s(v) = -v**3 + 4*v**2 + 2*v - 5. Suppose 0*o - 3*o + 12 = 0. What is s(o)?
3
Suppose -11 = 3*k + 31. Suppose 5*h - 14 - 6 = 0. Let m be (-6)/21 - h/k. Let i(w) = -w**3 - w**2 + w. Determine i(m).
0
Suppose -4*d = -6*d + 6. Suppose -3*q + 9 + d = 0. Let a(f) = f - 6. Calculate a(q).
-2
Let z(i) = -4*i - 9. Let k(s) = 9*s + 19. Let o(b) = -6*k(b) - 13*z(b). What is o(3)?
-3
Let f be (3/2)/((-6)/16). Let i(y) = y**3 + 4*y**2 - 1. Let c be i(f). Let a(d) = 2*d**2 + 90 + 4*d**2 + d - 89. What is a(c)?
6
Let i(u) = u**3 + 6*u**2 - 7*u + 7. Let z be i(-7). Suppose -5*c = y - 27, -y + 2*y + c = z. Let h(q) = 4*q**2 + 9*q - 6*q - 5*q**2 + y. Determine h(5).
-8
Let j(m) = -m + 1. Let s = 13 - 16. What is j(s)?
4
Let f(c) = c**3 - 6*c**2 + 2*c. Suppose -4 - 4 = 2*n. Let s be ((-24)/(-6))/(n/(-6)). Calculate f(s).
12
Let j(m) = 4*m + 5. Let z(h) = -3*h - 4. Let g(r) = 2*j(r) + 3*z(r). Let u be g(-2). Let w(a) = 0 + u + 3*a + 0 - 4. Determine w(3).
5
Let t = -6 + 12. Suppose 0 = 4*a - 2*f + t, 5*a = 2*f - 0*f - 5. Let z(o) = -227*o**2 + 225*o**2 - 6 + 3 + 4. Calculate z(a).
-1
Let t(b) be the first derivative of b**5/60 - 7*b**4/24 + b**3 - 3*b**2 + 3. Let p(c) be the second derivative of t(c). Determine p(4).
-6
Suppose -2*w + 2*k + 3 = -3, 4*w - 8 = 2*k. Let m(g) = -g - 3*g - 4 - g - g**2 + w. What is m(-4)?
1
Let o = -5 + 0. Let z(i) = -i**2 - 9*i + 3. Determine z(o).
23
Let b(f) be the second derivative of f**5/120 - f**4/24 - 2*f**3/3 + 6*f. Let a(z) be the second derivative of b(z). Calculate a(-2).
-3
Let v(z) = z**2 + z + 3. Let y be ((-8)/4 + 2)/(-1). Let m be v(y). Let u(l) be the third derivative of l**6/120 - l**5/15 + l**4/12 - l**3/6 - l**2. Give u(m).
-4
Let p = 2 - 0. Let t(w) = 2*w + w + 6*w + 6*w**p - 4*w + w**3 + 2. What is t(-5)?
2
Let g(j) = j**3 - 6*j**2 + 6*j + 1. Let d be g(5). Let k(s) = s + 4 + 4*s - d*s. Calculate k(3).
1
Let z(a) = -a**3 + 6*a**2 - 7. Suppose -4*w + 1 = -23. Give z(w).
-7
Let a(f) = f - 1. Let w(n) = 3*n**3 - 2*n**2 - 3*n + 5. Let b(s) = 5*a(s) + w(s). Let z(k) = -4*k**3 + 3*k**2 - 2*k. Let u(l) = 5*b(l) + 4*z(l). What is u(2)?
4
Suppose -4*d + 12*d = d. Let s(q) = q**3 - q**2 - q + 2. Determine s(d).
2
Let q be 8/3 + 2/(-3). Let 